0 - -45).
66
Evaluate -6 + (1 - 54) - -29.
-30
What is the value of 54 - (17 + (-5 + -2 - (-66 + 68)))?
46
What is -36 - (-52 + 127 + -64)?
-47
What is the value of -33 - (30 + -99) - (215 - 29)?
-150
What is (-110 - 2 - (24 - 33 - -1)) + -35 + 19?
-120
3 + -15 + (2 - -12 - 3) + -241 + 234
-8
What is -57 + -2 + (-18 - (-27 - 1))?
-49
What is 177 - (-54 + 73 - -81)?
77
Calculate -12 - (-3 - -2) - -8 - -40.
37
What is 36 + (-33 - 29) + 51 - 11?
14
Calculate 72 + -89 + -6 + (1 + 1 - (-6 - 0)).
-15
(14 - -48 - 22) + -17 - 37
-14
(7 - 29) + 9 - (8 - 12) - (-37 - 0)
28
What is the value of -12 + 1 + 1 + -29 + 19 + 16 + 0?
-4
12 - -12 - (-9 + (15 - -16) + -14)
16
Calculate 14 - (-11 + 10) - 17 - -35.
33
What is 9 - 7 - 22 - (-44 - -34)?
-10
(-3 - 55) + 310 + -280
-28
What is the value of -20 - -21 - 4 - -62 - 18?
41
Calculate 356 + -394 + 27 + 1.
-10
Evaluate (21 + -12 - 17) + (5 - (-4 - -4)) + 15.
12
-43 + 63 + -39 + -21
-40
8 - (8 + (7 - 0) - (-9 + -1))
-17
What is (6 - -1) + 71 + (8 - -1 - (164 + -152))?
75
(87 - 90 - 31) + 73
39
What is 98 - 81 - (-13 + (12 - 23))?
41
Evaluate (13 + 83 + -34 - 30) + -35.
-3
-11 + (18 - (77 + 3 + -30))
-43
What is the value of -121 + 63 - (-7 - 16)?
-35
What is the value of -11 + 11 + -5 - (-9 + -23) - -5?
32
Calculate 3 - 19 - (-174 - -130).
28
What is the value of -12 - ((0 - (15 - 13)) + 1 + -1 + -72)?
62
What is the value of (-1 - 10) + (-1200 - -1197) - -9?
-5
Calculate 666 + -648 + (2 - (-3 - -2) - -9).
30
Calculate 9 - -1 - (-47 + (22 - -84 - 46)).
-3
Evaluate 61 + (-11 - (4 + (22 - 29))).
53
Calculate (22 + 3 - (-4 - 2)) + (5 - 15) + 18.
39
Calculate -9 - (12 + -10) - (-6 + -40 + 3 + -5).
37
(15 - -2) + -70 + 99 + (-3 - -4)
47
Calculate -123 + 46 + 72 + 23.
18
What is 33 + -4 + (15 - (-12 - (-28 + 6)))?
34
Evaluate -31 - (-59 - -16) - 50.
-38
What is the value of 4 + (3 - (-28 + 13 + 52))?
-30
(-24 - 4) + -466 + 536
42
Calculate (1 - 5) + (-51 - (89 - 37) - -46).
-61
Calculate 98 + 31 + -93 + 7 + (6 - (12 + -5)).
42
Evaluate -35 + 51 + (-10 - -7 - -15).
28
Calculate (-63 - (-103 + 56)) + 55 + 5.
44
What is the value of 37 - -4 - (-20 - -5 - 1 - -20)?
37
121 + -116 + 43 + 15
63
Calculate (-9 - (-2 + 0)) + (-42 - -43) + 3 + -6.
-9
Evaluate -58 + 121 + -59 - (-1 + (0 - -10)).
-5
Evaluate (-102 - 5) + 40 - (-25 - 0).
-42
What is -9 - -13 - (-1 - 14 - 12 - -6)?
25
What is the value of (6 - -14) + -23 - (-14 + -8 + 6)?
13
What is the value of 15 + -20 + (28 - 13) + (1 - 9)?
2
Evaluate (-65 - (-109 - -186)) + (37 - 5).
-110
120 - 73 - 77 - -5
-25
What is 4 + -1 - -1 - ((-17 - -4) + 54 + -12)?
-25
Evaluate (-7 - (-27 - -7)) + (12 + -14 - -6).
17
Calculate (12 - -16 - 26) + -6 + -110 + 0.
-114
What is 8 + 0 - (-16 - (8 - (-9 + -9 - -30)))?
20
3 + ((-7 - -8) + -50 - (-41 + 32))
-37
What is -39 + (14 + (7 - 13 - 11) + -8 - -7)?
-43
What is the value of 151 - 127 - -64 - -37?
125
What is 19 + ((42 + -15 - 9) + (1 - 3) - 6)?
29
What is (86 - -7 - 67) + -69?
-43
What is the value of 16 + (-5 - -3) - (-511 - -477)?
48
Calculate -6 + 21 + -4 + 18 + -20.
9
What is the value of -8 - ((-38 - -46) + 17)?
-33
Evaluate (-20 - -9 - (-52 + -6 + 42)) + (1 - 40).
-34
Calculate 13 - (-9 - (110 + -147)).
-15
Evaluate (-33 - -2) + (-186 + 49 - -108).
-60
Calculate 93 + (29 - -18 - 34) + 2.
108
-265 + (14 - -114) - (4 + -31)
-110
What is 13 - (15 + -9 - 2) - (50 + 0)?
-41
What is -203 + 188 + (-9 - -22)?
-2
Evaluate (-19 - -7 - 4) + 3 + 1 - (2157 + -2103).
-66
Evaluate -90 - ((-1 - -9 - (-326 - -314)) + -3).
-107
(-1 - -47) + (1724 - 1775)
-5
15 + (74 + -65 - 71)
-47
Evaluate (-42 + 30 - (5 - 2) - -4) + (1 - -5).
-5
What is 91 + -64 - (-22 + 12 + 26)?
11
(65 - 55 - (0 - -18)) + -34
-42
Evaluate 5 + (8 - -2) + -13 + 18 + -6.
14
-33 + (441 - 413) + 0 + 20
15
Evaluate 69 + -3 - (414 - 357).
9
What is the value of 66 + -61 + -51 + 87?
41
What is 10 + (-28 - 7) + (10 - -5) + -25?
-35
-25 - (2 - (-13 + 15) - 10)
-15
Evaluate 151 + -121 - -172 - 145.
57
What is the value of -1 + 0 + 4 + (-49 + -14 + 52 - 7)?
-15
What is -16 - (10 + (-18 - -3) - -10)?
-21
-42 + -9 - (-27 + -5)
-19
What is the value of (-12 - ((-9 - -32) + -24)) + -8?
-19
-1 + -13 + (-41 - 56) + 111 - -92
92
What is (18 - 1 - 0) + -165 + (21 - -145)?
18
What is the value of 7279 + -7387 + 221 + -1?
112
-17 + (5 - 0) - (-5 + -22) - 84
-69
What is 43 - ((5 - 15 - 8) + 15)?
46
Evaluate -25 + -33 + 46 + 25.
13
0 + -46 + -23 + 29 + 22 + -17
-35
Calculate -63 + 32 + (55 - 60).
-36
What is -40 - (-117 - -6 - -32)?
39
Calculate -14 + (14 - (0 + 33) - 11).
-44
(3 + -52 - -20) + 100 + 2
73
-59 - (-18 + -3 + 24 + 13)
-75
What is the value of 3 + -62 + 0 + (26 + -29 - -10)?
-52
Evaluate (10 - 3) + (0 - -48) + 227 + -241.
41
-4 + 18 + 2 - (73 + -55 - 35)
33
-4 + 9 + (-4 - -34) - -12
47
What is the value of -66 + (-3 - (-117 + 63))?
-15
(9 + 5 + -6 - 24) + 16 - (30 - 0)
-30
Evaluate (-20 - -23) + (-4 + 0 - 1) - 7 - -65.
56
What is the value of -75 + 18 + 63 + (-7 - -1) + 71?
71
Calculate (-137 + 141 - (-1 - -12)) + (9 - 26) + -7.
-31
What is -1 + -7 - ((8 + (-7 - -3) - -27) + 9)?
-48
(-13 - (-137 + 75)) + 12
61
(2 + -1 - (2 + -55 + 8)) + 12
58
What is the value of -2 + 8 + -14 - -5 - -48 - 0?
45
Calculate (0 - 0) + 54 - (-60 + 106 + (12 - 60)).
56
What is 27 + (-16 + 53 - 89)?
-25
What is the value of -13 + 17 + 0 + -31 + (-27 - 2)?
-56
(20 - -2 - (10 - 63)) + 6
81
Evaluate 238 + -50 + -80 + -141.
-33
Evaluate -10 + 2 + -16 + (-50 - -113).
39
Calculate 91 - (73 - -16) - (-1 - -12 - 1) - -69.
61
What is (-20 - -8 - (-19 + 31 - 14)) + -1 + -72?
-83
What is 58 + (-223 - -103) + 129?
67
What is the value of -169 + 173 + -1 + -1 + 6 + 37?
45
-81 - ((67 - 83) + -134)
69
(-18 - ((-215 - -132) + (-16 - 4))) + 23
108
What is (-2 - 5) + -44 + 56 - (0 + 3 + 2)?
0
What is 7 + 3 + (6 + -3 - (-1 - -18 - -34))?
-38
Evaluate -41 - (24 + -58 + 39 + -7 + 2).
-41
What is (8 - -13 - 39) + 22?
4
What is 35 - (-50 + 52 + 4)?
29
What is -173 + 1 - (12645 - 12733)?
-84
What is -1 + (-77 - -11) + -45?
-112
What is the value of -13 + (-6 - 46 - 3)?
-68
Calculate 5 + -78 + 15 + 76 + -64.
-46
What is -3 + 2 + (1 - -15) + -186 + 171?
0
Calculate -52 + -16 - (-5 + -26).
-37
Calculate (-148 - (-84 + 68)) + 105.
-27
What is the value of (39 + -114 - (-1 + -4)) + 4 + -29?
-95
(12 - 21) + 11 + 9 + -8 - -45
48
What is the value of (-22 + 36 - -37) + -36?
15
-18 + (-1 + (-11 - (10 - 20)) + -6 - -15)
-11
What is -15 - (12 - (-4 + -24 + -10))?
-65
Evaluate 0 - -11 - (-92 - -111).
-8
What is (-9 - -12) + -6 + 4 + -2 + -10 + -2?
-13
Evaluate 209 + -200 + (8 - -12).
29
What is 16 + (41 - (72 + -161))?
146
What is 19 - 11 - -2 - -8 - 11 - 8 - 50?
-51
What is (6 - (8 - (-5 - -19) - -41)) + 1?
-28
What is the value of 75 + 9 + ((5 - -11) + -34 - -27)?
93
What is the value of 1 + 1 + 10 + (0 - (37 - 9)) + -2?
-18
What is -5 - ((-14 - (4 - -11)) + 1)?
23
Evaluate (14 - 19) + 26 + -17 + 2.
6
Calculate -51 - (-17 - ((13 - -10) + -20)).
-31
Evaluate 153 + -224 + 51 - (39 - 0).
-59
What is (-3 - -62) + (-10 - 8 - (-10 + 12 + -13))?
52
Calculate (-8 - (-8 - 19)) + (-14 - (1 - 4)).
8
Calculate 54 + -29 - (-1 + -66 + 1).
91
Calculate 87 + (-1 + -22 + 38 - 43).
59
0 + -14 + 6 + 503 + -530
-35
Evaluate -28 + -40 - -44 - (-47 - -2 - -4).
17
Calculate (-2 + 5 - 0) + (-14 - (-69 + 21)) + -57.
-20
What is the value of 31 - (8 - (11 + (-9 - (3 - 9))) - 8)?
39
What is 28 - (-9 + -2 + 4 + 0 + 16)?
19
Evaluate 4607 - 4525 - (-2 + 23).
61
What is 1388 + -1370 + -6 + -1 + 0?
11
What is -70 + 31 + -28 - -42?
-25
What is the value of 37 + ((-22 - -33) + 23 - 7)?
64
What is the value of (-36 - -5 - (-53 - -46)) + 96?
72
Evaluate -1 + -147 + (19 + (-53 - -65) - 23).
-140
Evaluate 80 + (0 + 6 + 0 - (-57 + 68)).
75
Calculate 21 - ((1 - (-3 + (6 - 6))) + 2).
15
What is 59 - -19 - (-8 + 47 + -31)?
70
What is (-32 - -37 - 7) + 2 + -31?
-31
Evaluate -1 - 34 - (22 + (1 + -58 - -51)).
-51
1 + 13 + (37 - (7 + (-16 - -127)))
-67
What is -17897 + 17885 - (0 + (2 - 1) + -2 + 0)?
-11
Evaluate (-887 - -972) + -122 + 6.
-31
Evaluate -11 + (-61 - (4 + -31)).
-45
-66 + 64 + (16 + 1 - 2) + (93 - 147)
-41
Evaluate -69 + -10 + -10 + 71.
-18
-903 + 922 - (100 + (1 - 1) + 0)
-81
What is the value of -110 + 120 + -6 + (-9 - 1)?
-6
What is (15 + -101 - -87) + -36?
-35
What is t